*m + m, -s - 16 = -k*m. What is the units digit of m?
7
Suppose -5*d + 354 + 151 = 0. What is the hundreds digit of d?
1
Let k be ((-8)/(-6))/((-2)/(-12)). Suppose -15 - 33 = 8*o. Let l = k + o. What is the units digit of l?
2
Suppose -4*y - b = -4*b - 260, -2*y + 2*b = -132. Suppose 0 - y = -2*a. What is the tens digit of a?
3
Suppose v + 1 = -4*r + 24, -5*v = 2*r - 25. Suppose 0 = -v*u + 100 + 11. What is the units digit of u?
7
Let g = 300 + -206. What is the units digit of g?
4
Let j = -6 - -28. Let t = j + 2. What is the units digit of t?
4
Let u(g) = 3*g**2 + 5*g + 10. Let m(q) = q**2 - q - 1. Let y(f) = -4*m(f) + u(f). What is the units digit of y(5)?
4
Let v(d) = -d**2 + d. Let t(q) = -q**2 - 3*q. Let a be t(-3). Let p be v(a). Suppose 8 = f - p. What is the units digit of f?
8
Let o(h) = h**2 - h - 2. Let g be o(-2). Suppose 0*b + 34 = -g*t + 2*b, 5*t + 42 = 2*b. What is the units digit of (t - -6)*(-3)/1?
6
Let p = 7 + -3. Suppose -p*x = -20 - 52. What is the units digit of 1/(x/(-10) - -2)?
5
Let z(d) = -d**3 - 3*d**2 - 4*d. What is the units digit of z(-4)?
2
Suppose -25 + 79 = 2*c - p, 4*p = 0. What is the tens digit of c?
2
Suppose 0 = 3*k + 2*k - 25. Let z(n) = n - 5*n - n**2 - k - 3*n. What is the units digit of z(-4)?
7
Let l be 15/6 + 1/(-2). Let z(h) = h**3 + 0*h + 1 + 2*h + 0*h**l - 4*h**2. What is the units digit of z(4)?
9
Let o be (26/4)/((-1)/(-6)). Let h = o + -26. What is the tens digit of h?
1
Let a(i) = -i**3 - 8*i**2 - 9*i - 16. What is the units digit of a(-8)?
6
Let t(v) = 3*v**3 - v**2 + v - 3. What is the units digit of t(2)?
9
Let a(g) = 7*g - 2. Let i be a(-2). What is the units digit of (24/i)/(1/(-10))?
5
Suppose -5*v = -2*v - 21. Let a be 58/v - 2/7. Suppose -2*z = 4*j - 2*j + 2, z = -4*j + a. What is the units digit of j?
3
Let b(h) be the third derivative of -h**6/120 - h**4/24 + 5*h**3/6 - h**2. What is the units digit of b(0)?
5
Suppose -i + 29 + 21 = 0. What is the tens digit of i?
5
Suppose -2*t = 4*z - 158, -170 = -2*t + 3*z - z. What is the tens digit of t?
8
Suppose 3*d = t - 11, 0 = 5*t - 0*d + 2*d + 30. Suppose 0 = 4*h + 5 - 17. Let q = h - t. What is the units digit of q?
7
Let a = -58 - -82. Suppose 0 = 3*u - 2*s - 4, -4*s = 2*u - 0*u + a. What is the units digit of 1/u*(-2 - 12)?
7
Suppose -7*x + 8*x - 17 = 0. What is the tens digit of x?
1
Suppose 2*l - 9 = -3. Let a(p) = -p**3 - 4*p**2 - 2*p + 2. Let s be a(-2). Let j = s + l. What is the units digit of j?
1
Let j be (-16)/20*(-5)/(-2). What is the tens digit of 24/(-20)*25/j?
1
Let x = -18 + 22. Suppose -x*b - 5 = -5*b, -4*b = 5*k - 75. What is the units digit of k?
1
Suppose -5*p - 252 = -9*p. What is the tens digit of p?
6
Let a(b) = 3*b**2 + 26*b + 14. What is the hundreds digit of a(-12)?
1
What is the hundreds digit of (-212)/(4/4 + -3)?
1
Let i(n) = -n**2 + 2*n + 1. Let l be i(4). Suppose 0*h = -4*h + 44. Let j = l + h. What is the units digit of j?
4
Let x(q) = 3*q - 4*q - 8*q - 4. What is the tens digit of x(-2)?
1
What is the tens digit of 1298/10 + 8/40?
3
What is the tens digit of 4/(-18) + (1066/18)/1?
5
Suppose 5*u = 3*z - 64, 2*u = -0*z - 4*z + 42. What is the tens digit of z?
1
Let r be (0/(2 - 5))/1. Let c = r + 18. What is the units digit of c?
8
Let p(k) = -7 - 1 - 5*k + 2*k. What is the units digit of p(-6)?
0
Let r = -30 + 46. What is the tens digit of r?
1
Let q(z) be the second derivative of z**6/360 - z**5/30 - 7*z**4/24 - z**3/3 + z. Let d(v) be the second derivative of q(v). What is the units digit of d(6)?
5
What is the tens digit of 46/8*6*(-8)/(-3)?
9
Let c = 122 + -45. What is the tens digit of c?
7
Let a(i) = -7*i + 10*i**2 - i - i**3 + 0*i. What is the units digit of a(9)?
9
Let c = -3 + 4. Let h = c - -1. Suppose 6 = h*d + d. What is the units digit of d?
2
Let v(y) = 1. Let h(w) = 2*w + 7. Let u(p) = -h(p) + 5*v(p). Suppose -8 = 3*c + c + 4*j, 2*c + 22 = 4*j. What is the units digit of u(c)?
8
Let o be 52/(-5) + 10/25. Let z = -7 - o. Suppose z*t - 11 = 2*t. What is the tens digit of t?
1
Let m be 140/(-3) + 8/(-24). Let o = -34 - m. What is the units digit of o?
3
Suppose -x + 3*g = -8, -3*g + 93 = 5*x + 17. Suppose 27 = 4*h + 7. Suppose h*o + 21 = -2*s, o + x = 2*s - o. What is the units digit of s?
2
Let l(f) = 2*f**3 - 4*f**2 + 5*f - 5. What is the units digit of l(2)?
5
Suppose n - 10 = -m + 14, -m + 70 = 3*n. What is the units digit of n?
3
Let a = -16 + 41. What is the units digit of a?
5
Suppose 0 = -5*g + 2 + 53. Let r(j) = j**3 + 4*j**2 - 4*j + 5. Let y be r(-5). Suppose 2*b + 13 = w - y*w, -w + b = -g. What is the units digit of w?
9
What is the units digit of (-3)/(1032/(-340) - -3)?
5
Let d = -345 - -165. Let q be d/(-42) - 4/14. Suppose -q*v + 18 = 2*n + 2, 2*v = -2*n + 8. What is the units digit of v?
4
What is the hundreds digit of 165/(((-11)/(-2))/11)?
3
Suppose -5*k - 23 = 27. Let n = k + 25. What is the tens digit of n?
1
Suppose -w = 4*b - 785 + 120, 4*b - 680 = -4*w. What is the hundreds digit of b?
1
Suppose -x = 3*x - a - 50, 2*a = 4. Let q = x + -8. Suppose -3*t = q*h - 2*t - 11, -4*t = -4. What is the units digit of h?
2
Let f be ((-2)/(-1))/(2/26). Let z = 25 + f. Suppose -5*v + 4*g = -4 - z, -5*g = 3*v + 4. What is the units digit of v?
7
Let q(c) = -c**2 - 7*c - 1. Let i be q(-7). What is the tens digit of 4/(-6)*24/i?
1
What is the tens digit of (145/35 + 1)/(4/14)?
1
Suppose 3*i + 2*i - 40 = 0. What is the tens digit of (1/(-3))/(i/(-360))?
1
Suppose 106 = -0*p + 2*p + t, 5*p - 262 = -4*t. Suppose -3*m = 6, -m = 5*i - 4*m + p. What is the units digit of ((-4)/(-3))/((-2)/i)?
8
Let n(f) = f**3 - 2*f + 6. What is the units digit of n(4)?
2
Let d(i) be the second derivative of i + 1/6*i**4 + 0*i**2 + 0 + 1/2*i**3. What is the units digit of d(-3)?
9
Suppose -2*z - 3 = -13. Suppose -t + 4*t - 79 = 4*n, -z*t + 5*n + 125 = 0. What is the tens digit of t?
2
Let q(o) = o**3 + 9*o**2 - 4*o + 10. What is the units digit of q(-6)?
2
Let j(a) = -a**3 - 7*a**2 + 8*a + 1. Let p be j(-8). Let z be 3 + 1/1*p. Suppose -5*i = 3*m - 29, -z*i = -m - 2*m - 34. What is the units digit of i?
7
What is the units digit of 1/(-1) - (-22 + -11)?
2
Let z be (-3)/(-3) - 1 - -5. Suppose -z = 5*s, 4*s = -f + 7*s + 12. What is the units digit of f?
9
Let j = -26 - -81. What is the tens digit of j?
5
Let m = -59 - -116. What is the tens digit of m?
5
Suppose -a - 27 = -4*a. Suppose 4*w - a = 3. Suppose -2*f = -6, 2*f - 7*f + 27 = w*j. What is the units digit of j?
4
Suppose -3*q = -5*n + 4, 0*q - 12 = -3*q - 3*n. Suppose -u = -q*u + 6. Suppose 0 = 2*x + 5*g - u - 24, -21 = -5*x + g. What is the units digit of x?
5
Let w(d) = 7*d + 125. What is the units digit of w(0)?
5
Let f(c) = 6*c**2 - 5*c + 32. What is the hundreds digit of f(5)?
1
Suppose 3*m - 2*m + 3*z = 129, 4*m = z + 581. Suppose 0 = p + 3*w - 53, -4*p - 2*w + 7*w + m = 0. Let l = -23 + p. What is the tens digit of l?
1
Let n be (-2 - 1)*20/12. What is the units digit of n*5/(50/(-18))?
9
Suppose g = -4*g. Suppose 2*i - 5*t = -g*t + 21, -5*i + t + 18 = 0. Suppose i*a = 6*n - 2*n + 4, 4*n = -5*a + 60. What is the units digit of a?
8
Suppose 0 = 4*o + t - 14, -2*t = 2*o + 3*o - 16. Suppose 3*f - 2*w - 44 = 0, -4*f - w + 60 = -o*w. What is the units digit of f?
2
Suppose 3*l - 6*l = -3*s + 108, 0 = -3*l + 2*s - 111. Suppose 49 = 5*g + 329. Let t = l - g. What is the tens digit of t?
1
Let g = 85 - 55. What is the tens digit of g?
3
Let n = -103 + 155. What is the units digit of n?
2
Let y = 88 - 51. What is the tens digit of y?
3
Let i(d) = d**2 - d + 1. Let m(h) = 2*h**2 - 4*h + 7. Let u(q) = 3*i(q) - m(q). Let p be 13/(-5) + 4/(-10). What is the units digit of u(p)?
2
Let t(r) = r + 1. Let d be t(3). Suppose d*c - 37 = 5*s, 25 + 13 = 5*c + 2*s. What is the units digit of c?
8
Suppose -5*s + 175 - 585 = 0. What is the units digit of 3/9 + s/(-6)?
4
Suppose -2 - 6 = -4*s. What is the units digit of s?
2
Suppose -z - 4*z = -30. Let b be (-1)/z - (-242)/12. Suppose 0 = 2*h + 3*a + 8 - 26, -b = 5*a. What is the tens digit of h?
1
What is the units digit of (-49)/14*-1*2?
7
Let y(r) = -3*r - 9. Let p(l) = -8*l - 28. Let a(o) = -4*p(o) + 11*y(o). What is the units digit of a(0)?
3
Let h = 15 - 13. Suppose n + 23 = h*x, x + 7*n = 2*n + 28. What is the u